{"id":47,"date":"2024-02-27T20:13:34","date_gmt":"2024-02-27T23:13:34","guid":{"rendered":"https:\/\/nlcast.com.br\/?page_id=47"},"modified":"2024-02-27T21:01:45","modified_gmt":"2024-02-28T00:01:45","slug":"nogueira-leite-advogados","status":"publish","type":"page","link":"https:\/\/nlcast.com.br\/?page_id=47","title":{"rendered":"Nogueira Leite Advogados Associados"},"content":{"rendered":"\n<div class=\"wp-block-group\"><div class=\"wp-block-group__inner-container is-layout-constrained wp-block-group-is-layout-constrained\">\n<p style=\"font-size:15px;font-style:normal;font-weight:300;letter-spacing:1.8px\">O <strong>Nogueira Leite Advogados Associados<\/strong> \u00e9 reconhecido pela excel\u00eancia na presta\u00e7\u00e3o de servi\u00e7os jur\u00eddicos inovadores e de alta qualidade em diversas \u00e1reas do Direito. Com quase duas d\u00e9cadas de experi\u00eancia, o escrit\u00f3rio oferece assessoria tanto contenciosa quanto consultiva, liderada por uma equipe especializada e comprometida em superar os desafios legais mais complexos. <\/p>\n\n\n\n<p style=\"font-size:15px;font-style:normal;font-weight:300;letter-spacing:1.8px\">Investindo constantemente em talentos e tecnologia avan\u00e7ada, o compromisso central \u00e9 com a evolu\u00e7\u00e3o cont\u00ednua, mantendo-se \u00e0 frente das tend\u00eancias jur\u00eddicas com seguran\u00e7a, respeito e rigor \u00e9tico. Al\u00e9m de uma assessoria, o <strong>Nogueira Leite Advogados Associados<\/strong> oferece uma parceria estrat\u00e9gica para garantir tranquilidade e sucesso nas demandas legais dos clientes. <\/p>\n\n\n\n<p style=\"font-size:15px;font-style:normal;font-weight:300;letter-spacing:1.8px\">A miss\u00e3o vai al\u00e9m da excel\u00eancia jur\u00eddica, aspirando a ser um s\u00edmbolo de inova\u00e7\u00e3o, qualidade e confian\u00e7a no universo jur\u00eddico, fornecendo solu\u00e7\u00f5es excepcionais que combinam criatividade, rigor t\u00e9cnico e seguran\u00e7a. Investindo na melhoria cont\u00ednua da equipe, o escrit\u00f3rio busca superar as expectativas dos clientes, proporcionando uma experi\u00eancia jur\u00eddica \u00fanica e memor\u00e1vel, refletindo um compromisso profundo com a excel\u00eancia, inova\u00e7\u00e3o e \u00e9tica.<\/p>\n<\/div><\/div>\n\n\n\n<figure class=\"wp-block-image size-large is-resized\"><img loading=\"lazy\" decoding=\"async\" width=\"1024\" height=\"537\" src=\"http:\/\/nlcast.com.br\/wp-content\/uploads\/2024\/02\/Logo_Alta_AzulCinza-1024x537.png\" alt=\"\" class=\"wp-image-66\" style=\"width:208px;height:auto\" srcset=\"https:\/\/nlcast.com.br\/wp-content\/uploads\/2024\/02\/Logo_Alta_AzulCinza-1024x537.png 1024w, https:\/\/nlcast.com.br\/wp-content\/uploads\/2024\/02\/Logo_Alta_AzulCinza-300x157.png 300w, https:\/\/nlcast.com.br\/wp-content\/uploads\/2024\/02\/Logo_Alta_AzulCinza-768x403.png 768w, https:\/\/nlcast.com.br\/wp-content\/uploads\/2024\/02\/Logo_Alta_AzulCinza.png 1114w\" sizes=\"(max-width: 1024px) 100vw, 1024px\" \/><\/figure>\n","protected":false},"excerpt":{"rendered":"<p>O Nogueira Leite Advogados Associados \u00e9 reconhecido pela excel\u00eancia na presta\u00e7\u00e3o de servi\u00e7os jur\u00eddicos inovadores e de alta qualidade em diversas \u00e1reas do Direito. Com quase duas d\u00e9cadas de experi\u00eancia, o escrit\u00f3rio oferece assessoria tanto contenciosa quanto consultiva, liderada por uma equipe especializada e comprometida em superar os desafios legais mais complexos. Investindo constantemente em [&hellip;]<\/p>\n","protected":false},"author":1,"featured_media":0,"parent":0,"menu_order":0,"comment_status":"closed","ping_status":"closed","template":"","meta":{"footnotes":""},"_links":{"self":[{"href":"https:\/\/nlcast.com.br\/index.php?rest_route=\/wp\/v2\/pages\/47"}],"collection":[{"href":"https:\/\/nlcast.com.br\/index.php?rest_route=\/wp\/v2\/pages"}],"about":[{"href":"https:\/\/nlcast.com.br\/index.php?rest_route=\/wp\/v2\/types\/page"}],"author":[{"embeddable":true,"href":"https:\/\/nlcast.com.br\/index.php?rest_route=\/wp\/v2\/users\/1"}],"replies":[{"embeddable":true,"href":"https:\/\/nlcast.com.br\/index.php?rest_route=%2Fwp%2Fv2%2Fcomments&post=47"}],"version-history":[{"count":13,"href":"https:\/\/nlcast.com.br\/index.php?rest_route=\/wp\/v2\/pages\/47\/revisions"}],"predecessor-version":[{"id":93,"href":"https:\/\/nlcast.com.br\/index.php?rest_route=\/wp\/v2\/pages\/47\/revisions\/93"}],"wp:attachment":[{"href":"https:\/\/nlcast.com.br\/index.php?rest_route=%2Fwp%2Fv2%2Fmedia&parent=47"}],"curies":[{"name":"wp","href":"https:\/\/api.w.org\/{rel}","templated":true}]}}